{"id":730,"date":"2018-12-08T08:45:23","date_gmt":"2018-12-08T07:45:23","guid":{"rendered":"http:\/\/alnd-conseil.com\/?page_id=730"},"modified":"2018-12-13T09:36:27","modified_gmt":"2018-12-13T08:36:27","slug":"mentions-legales","status":"publish","type":"page","link":"http:\/\/www.alnd-conseil.com\/www\/mentions-legales\/","title":{"rendered":"Mentions l\u00e9gales"},"content":{"rendered":"\n<h3>Soci\u00e9t\u00e9<\/h3>\n\n\n\n<p>Statut de la soci\u00e9t\u00e9 : SASU<br>Nom de la soci\u00e9t\u00e9 : <strong>ALND Conseil<\/strong><br>Nom du responsable : Anne-Laure NOUAILLE-DEGORCE<br>N\u00b0 Siret : 813 651 19700010<br><\/p>\n\n\n\n<h3>Contact<\/h3>\n\n\n\n<p>Adresse : 17 impasse Gaillard 69300 Caluire &amp; Cuire<br>Pays : France<br>Mobile : (+33) 6 46 24 16 03<br>Email : contact@alnd-conseil.com<br>Site Web : https:\/\/www.alnd-conseil.com<\/p>\n\n\n\n<h3>Notes l\u00e9gales<\/h3>\n\n\n\n<p>Responsable du contenu : Anne-Laure NOUAILLE-DEGORCE<br>Email (contenu) : contact@alnd-conseil.com<br>Responsable technique : Nathalie PETRIS<br>Email (technique) : nathalie.petris@free.fr<br>H\u00e9bergeur : OVH<\/p>\n","protected":false},"excerpt":{"rendered":"<p>Soci\u00e9t\u00e9 Statut de la soci\u00e9t\u00e9 : SASUNom de la soci\u00e9t\u00e9 : ALND ConseilNom du responsable : Anne-Laure NOUAILLE-DEGORCEN\u00b0 Siret : 813 651 19700010 Contact Adresse : 17 impasse Gaillard 69300 Caluire &amp; CuirePays : FranceMobile : (+33) 6 46 24 16 03Email : contact@alnd-conseil.comSite Web : https:\/\/www.alnd-conseil.com Notes l\u00e9gales Responsable du contenu : Anne-Laure NOUAILLE-DEGORCEEmail [&hellip;]<\/p>\n","protected":false},"author":1,"featured_media":2316,"parent":0,"menu_order":0,"comment_status":"closed","ping_status":"closed","template":"page-templates\/menu-page.php","meta":[],"yoast_head":"<!-- This site is optimized with the Yoast SEO plugin v14.6.1 - https:\/\/yoast.com\/wordpress\/plugins\/seo\/ -->\n<title>Mentions l\u00e9gales | Artisan de lien social<\/title>\n<meta name=\"robots\" content=\"index, follow\" \/>\n<meta name=\"googlebot\" content=\"index, follow, max-snippet:-1, max-image-preview:large, max-video-preview:-1\" \/>\n<meta name=\"bingbot\" content=\"index, follow, max-snippet:-1, max-image-preview:large, max-video-preview:-1\" \/>\n<link rel=\"canonical\" href=\"http:\/\/www.alnd-conseil.com\/www\/mentions-legales\/\" \/>\n<meta property=\"og:locale\" content=\"fr_FR\" \/>\n<meta property=\"og:type\" content=\"article\" \/>\n<meta property=\"og:title\" content=\"Mentions l\u00e9gales | Artisan de lien social\" \/>\n<meta property=\"og:description\" content=\"Soci\u00e9t\u00e9 Statut de la soci\u00e9t\u00e9 : SASUNom de la soci\u00e9t\u00e9 : ALND ConseilNom du responsable : Anne-Laure NOUAILLE-DEGORCEN\u00b0 Siret : 813 651 19700010 Contact Adresse : 17 impasse Gaillard 69300 Caluire &amp; CuirePays : FranceMobile : (+33) 6 46 24 16 03Email : contact@alnd-conseil.comSite Web : https:\/\/www.alnd-conseil.com Notes l\u00e9gales Responsable du contenu : Anne-Laure NOUAILLE-DEGORCEEmail [&hellip;]\" \/>\n<meta property=\"og:url\" content=\"http:\/\/www.alnd-conseil.com\/www\/mentions-legales\/\" \/>\n<meta property=\"og:site_name\" content=\"Artisan de lien social\" \/>\n<meta property=\"article:modified_time\" content=\"2018-12-13T08:36:27+00:00\" \/>\n<meta property=\"og:image\" content=\"http:\/\/www.alnd-conseil.com\/wp-content\/uploads\/2018\/12\/ALND_Plan-et-mentions.jpg\" \/>\n\t<meta property=\"og:image:width\" content=\"1418\" \/>\n\t<meta property=\"og:image:height\" content=\"284\" \/>\n<meta name=\"twitter:card\" content=\"summary_large_image\" \/>\n<script type=\"application\/ld+json\" class=\"yoast-schema-graph\">{\"@context\":\"https:\/\/schema.org\",\"@graph\":[{\"@type\":[\"Person\",\"Organization\"],\"@id\":\"http:\/\/www.alnd-conseil.com\/www\/#\/schema\/person\/1cc5914c92b3ec8f7b422b2b98f49494\",\"name\":\"Anne-Laure NOUAILLE-DEGORCE\",\"logo\":{\"@id\":\"http:\/\/www.alnd-conseil.com\/www\/#personlogo\"}},{\"@type\":\"WebSite\",\"@id\":\"http:\/\/www.alnd-conseil.com\/www\/#website\",\"url\":\"http:\/\/www.alnd-conseil.com\/www\/\",\"name\":\"Artisan de lien social\",\"description\":\"ALND Conseil\",\"publisher\":{\"@id\":\"http:\/\/www.alnd-conseil.com\/www\/#\/schema\/person\/1cc5914c92b3ec8f7b422b2b98f49494\"},\"potentialAction\":[{\"@type\":\"SearchAction\",\"target\":\"http:\/\/www.alnd-conseil.com\/www\/?s={search_term_string}\",\"query-input\":\"required name=search_term_string\"}],\"inLanguage\":\"fr-FR\"},{\"@type\":\"ImageObject\",\"@id\":\"http:\/\/www.alnd-conseil.com\/www\/mentions-legales\/#primaryimage\",\"inLanguage\":\"fr-FR\",\"url\":\"http:\/\/www.alnd-conseil.com\/wp-content\/uploads\/2018\/12\/ALND_Plan-et-mentions.jpg\",\"width\":1418,\"height\":284},{\"@type\":\"WebPage\",\"@id\":\"http:\/\/www.alnd-conseil.com\/www\/mentions-legales\/#webpage\",\"url\":\"http:\/\/www.alnd-conseil.com\/www\/mentions-legales\/\",\"name\":\"Mentions l\\u00e9gales | Artisan de lien social\",\"isPartOf\":{\"@id\":\"http:\/\/www.alnd-conseil.com\/www\/#website\"},\"primaryImageOfPage\":{\"@id\":\"http:\/\/www.alnd-conseil.com\/www\/mentions-legales\/#primaryimage\"},\"datePublished\":\"2018-12-08T07:45:23+00:00\",\"dateModified\":\"2018-12-13T08:36:27+00:00\",\"inLanguage\":\"fr-FR\",\"potentialAction\":[{\"@type\":\"ReadAction\",\"target\":[\"http:\/\/www.alnd-conseil.com\/www\/mentions-legales\/\"]}]}]}<\/script>\n<!-- \/ Yoast SEO plugin. -->","_links":{"self":[{"href":"http:\/\/www.alnd-conseil.com\/www\/wp-json\/wp\/v2\/pages\/730"}],"collection":[{"href":"http:\/\/www.alnd-conseil.com\/www\/wp-json\/wp\/v2\/pages"}],"about":[{"href":"http:\/\/www.alnd-conseil.com\/www\/wp-json\/wp\/v2\/types\/page"}],"author":[{"embeddable":true,"href":"http:\/\/www.alnd-conseil.com\/www\/wp-json\/wp\/v2\/users\/1"}],"replies":[{"embeddable":true,"href":"http:\/\/www.alnd-conseil.com\/www\/wp-json\/wp\/v2\/comments?post=730"}],"version-history":[{"count":3,"href":"http:\/\/www.alnd-conseil.com\/www\/wp-json\/wp\/v2\/pages\/730\/revisions"}],"predecessor-version":[{"id":1702,"href":"http:\/\/www.alnd-conseil.com\/www\/wp-json\/wp\/v2\/pages\/730\/revisions\/1702"}],"wp:featuredmedia":[{"embeddable":true,"href":"http:\/\/www.alnd-conseil.com\/www\/wp-json\/wp\/v2\/media\/2316"}],"wp:attachment":[{"href":"http:\/\/www.alnd-conseil.com\/www\/wp-json\/wp\/v2\/media?parent=730"}],"curies":[{"name":"wp","href":"https:\/\/api.w.org\/{rel}","templated":true}]}}