{"id":43,"date":"2018-11-23T06:58:39","date_gmt":"2018-11-23T05:58:39","guid":{"rendered":"https:\/\/alndconseil.wordpress.com\/?page_id=43"},"modified":"2021-07-11T17:10:19","modified_gmt":"2021-07-11T15:10:19","slug":"gestion-des-conflits","status":"publish","type":"page","link":"https:\/\/www.alnd-conseil.com\/www\/rps-qvt\/gestion-des-conflits\/","title":{"rendered":"Gestion des conflits"},"content":{"rendered":"<p>Des conflits perdurent entre personnes ou collectifs, ou des plaintes remontent \u00e0 l&rsquo;encontre d&rsquo;un salari\u00e9 qui aurait des comportements inappropri\u00e9s g\u00e9n\u00e9rant de la souffrance dans son entourage professionnel.<\/p>\n<p>Vous souhaitez l&rsquo;intervention d&rsquo;un tiers pour vous aider \u00e0 sortir de cette situation d\u00e9l\u00e9t\u00e8re.<\/p>\n<p>Je m\u00e8ne des travaux en individuel ou en collectif, qui d\u00e9passent le sujet des relations inter-personnelles et abordent aussi des th\u00e8mes en lien avec le travail r\u00e9alis\u00e9.<\/p>\n<h5><span style=\"color: #6e204a;\"><strong>Ce qui caract\u00e9rise mon accompagnement :<\/strong><\/span><\/h5>\n<ul>\n<li style=\"color: #6e204a; list-style-type: circle;\"><span style=\"color: #5b371f;\">Une absence de parti pris, d\u00e9passant les notions de \u00ab\u00a0bourreau\u00a0\u00bb et de \u00ab\u00a0victime\u00a0\u00bb<\/span><\/li>\n<li style=\"color: #6e204a; list-style-type: circle;\"><span style=\"color: #5b371f;\">Une prise en compte des aspects relationnels et organisationnels<\/span><\/li>\n<li style=\"color: #6e204a; list-style-type: circle;\"><span style=\"color: #5b371f;\">Un respect et une mise en confiance des personnes concern\u00e9es<\/span><\/li>\n<\/ul>\n<h5><span style=\"color: #6e204a;\"><strong>Les mod\u00e8les mobilis\u00e9s sont : <\/strong><\/span><\/h5>\n<ul>\n<li style=\"color: #6e204a; list-style-type: circle;\"><span style=\"color: #5b371f;\">L\u2019approche syst\u00e9mique et strat\u00e9gique de Palo Alto<\/span><\/li>\n<\/ul>\n","protected":false},"excerpt":{"rendered":"<p>Des conflits perdurent entre personnes ou collectifs, ou des plaintes remontent \u00e0 l&rsquo;encontre d&rsquo;un salari\u00e9 qui aurait des comportements inappropri\u00e9s g\u00e9n\u00e9rant de la souffrance dans son entourage professionnel. Vous souhaitez l&rsquo;intervention d&rsquo;un tiers pour vous aider \u00e0 sortir de cette situation d\u00e9l\u00e9t\u00e8re. Je m\u00e8ne des travaux en individuel ou en collectif, qui d\u00e9passent le sujet [&hellip;]<\/p>\n","protected":false},"author":1,"featured_media":664,"parent":250,"menu_order":4,"comment_status":"closed","ping_status":"closed","template":"page-templates\/sidebar-page.php","meta":[],"yoast_head":"<!-- This site is optimized with the Yoast SEO plugin v14.6.1 - https:\/\/yoast.com\/wordpress\/plugins\/seo\/ -->\n<title>Gestion des conflits | Artisan de lien social<\/title>\n<meta name=\"robots\" content=\"index, follow\" \/>\n<meta name=\"googlebot\" content=\"index, follow, max-snippet:-1, max-image-preview:large, max-video-preview:-1\" \/>\n<meta name=\"bingbot\" content=\"index, follow, max-snippet:-1, max-image-preview:large, max-video-preview:-1\" \/>\n<link rel=\"canonical\" href=\"http:\/\/www.alnd-conseil.com\/www\/rps-qvt\/gestion-des-conflits\/\" \/>\n<meta property=\"og:locale\" content=\"fr_FR\" \/>\n<meta property=\"og:type\" content=\"article\" \/>\n<meta property=\"og:title\" content=\"Gestion des conflits | Artisan de lien social\" \/>\n<meta property=\"og:description\" content=\"Des conflits perdurent entre personnes ou collectifs, ou des plaintes remontent \u00e0 l&rsquo;encontre d&rsquo;un salari\u00e9 qui aurait des comportements inappropri\u00e9s g\u00e9n\u00e9rant de la souffrance dans son entourage professionnel. Vous souhaitez l&rsquo;intervention d&rsquo;un tiers pour vous aider \u00e0 sortir de cette situation d\u00e9l\u00e9t\u00e8re. Je m\u00e8ne des travaux en individuel ou en collectif, qui d\u00e9passent le sujet [&hellip;]\" \/>\n<meta property=\"og:url\" content=\"http:\/\/www.alnd-conseil.com\/www\/rps-qvt\/gestion-des-conflits\/\" \/>\n<meta property=\"og:site_name\" content=\"Artisan de lien social\" \/>\n<meta property=\"article:modified_time\" content=\"2021-07-11T15:10:19+00:00\" \/>\n<meta property=\"og:image\" content=\"https:\/\/www.alnd-conseil.com\/wp-content\/uploads\/2018\/12\/ALND_RPS-3-Ban.jpg\" \/>\n\t<meta property=\"og:image:width\" content=\"1418\" \/>\n\t<meta property=\"og:image:height\" content=\"283\" \/>\n<meta name=\"twitter:card\" content=\"summary_large_image\" \/>\n<script type=\"application\/ld+json\" class=\"yoast-schema-graph\">{\"@context\":\"https:\/\/schema.org\",\"@graph\":[{\"@type\":[\"Person\",\"Organization\"],\"@id\":\"https:\/\/www.alnd-conseil.com\/www\/#\/schema\/person\/1cc5914c92b3ec8f7b422b2b98f49494\",\"name\":\"Anne-Laure NOUAILLE-DEGORCE\",\"logo\":{\"@id\":\"https:\/\/www.alnd-conseil.com\/www\/#personlogo\"}},{\"@type\":\"WebSite\",\"@id\":\"https:\/\/www.alnd-conseil.com\/www\/#website\",\"url\":\"https:\/\/www.alnd-conseil.com\/www\/\",\"name\":\"Artisan de lien social\",\"description\":\"ALND Conseil\",\"publisher\":{\"@id\":\"https:\/\/www.alnd-conseil.com\/www\/#\/schema\/person\/1cc5914c92b3ec8f7b422b2b98f49494\"},\"potentialAction\":[{\"@type\":\"SearchAction\",\"target\":\"https:\/\/www.alnd-conseil.com\/www\/?s={search_term_string}\",\"query-input\":\"required name=search_term_string\"}],\"inLanguage\":\"fr-FR\"},{\"@type\":\"ImageObject\",\"@id\":\"http:\/\/www.alnd-conseil.com\/www\/rps-qvt\/gestion-des-conflits\/#primaryimage\",\"inLanguage\":\"fr-FR\",\"url\":\"https:\/\/www.alnd-conseil.com\/wp-content\/uploads\/2018\/12\/ALND_RPS-3-Ban.jpg\",\"width\":1418,\"height\":283},{\"@type\":\"WebPage\",\"@id\":\"http:\/\/www.alnd-conseil.com\/www\/rps-qvt\/gestion-des-conflits\/#webpage\",\"url\":\"http:\/\/www.alnd-conseil.com\/www\/rps-qvt\/gestion-des-conflits\/\",\"name\":\"Gestion des conflits | Artisan de lien social\",\"isPartOf\":{\"@id\":\"https:\/\/www.alnd-conseil.com\/www\/#website\"},\"primaryImageOfPage\":{\"@id\":\"http:\/\/www.alnd-conseil.com\/www\/rps-qvt\/gestion-des-conflits\/#primaryimage\"},\"datePublished\":\"2018-11-23T05:58:39+00:00\",\"dateModified\":\"2021-07-11T15:10:19+00:00\",\"inLanguage\":\"fr-FR\",\"potentialAction\":[{\"@type\":\"ReadAction\",\"target\":[\"http:\/\/www.alnd-conseil.com\/www\/rps-qvt\/gestion-des-conflits\/\"]}]}]}<\/script>\n<!-- \/ Yoast SEO plugin. -->","_links":{"self":[{"href":"https:\/\/www.alnd-conseil.com\/www\/wp-json\/wp\/v2\/pages\/43"}],"collection":[{"href":"https:\/\/www.alnd-conseil.com\/www\/wp-json\/wp\/v2\/pages"}],"about":[{"href":"https:\/\/www.alnd-conseil.com\/www\/wp-json\/wp\/v2\/types\/page"}],"author":[{"embeddable":true,"href":"https:\/\/www.alnd-conseil.com\/www\/wp-json\/wp\/v2\/users\/1"}],"replies":[{"embeddable":true,"href":"https:\/\/www.alnd-conseil.com\/www\/wp-json\/wp\/v2\/comments?post=43"}],"version-history":[{"count":8,"href":"https:\/\/www.alnd-conseil.com\/www\/wp-json\/wp\/v2\/pages\/43\/revisions"}],"predecessor-version":[{"id":3198,"href":"https:\/\/www.alnd-conseil.com\/www\/wp-json\/wp\/v2\/pages\/43\/revisions\/3198"}],"up":[{"embeddable":true,"href":"https:\/\/www.alnd-conseil.com\/www\/wp-json\/wp\/v2\/pages\/250"}],"wp:featuredmedia":[{"embeddable":true,"href":"https:\/\/www.alnd-conseil.com\/www\/wp-json\/wp\/v2\/media\/664"}],"wp:attachment":[{"href":"https:\/\/www.alnd-conseil.com\/www\/wp-json\/wp\/v2\/media?parent=43"}],"curies":[{"name":"wp","href":"https:\/\/api.w.org\/{rel}","templated":true}]}}